{"id":652,"date":"2022-05-11T23:49:16","date_gmt":"2022-05-12T04:49:16","guid":{"rendered":"https:\/\/novelagrafica.co\/?post_type=product&#038;p=652"},"modified":"2022-05-20T15:13:15","modified_gmt":"2022-05-20T20:13:15","slug":"grafiti","status":"publish","type":"product","link":"https:\/\/novelagrafica.co\/?product=grafiti","title":{"rendered":"Grafiti"},"content":{"rendered":"","protected":false},"excerpt":{"rendered":"<p>Es una novela gr\u00e1fica que narra la vida de un j\u00f3ven universitario grafitero (William) que busca plasmar en sitios p\u00fablicos su manera de ver el mundo. La historia ocurre en algunos lugares del Centro Hist\u00f3rico de Bogot\u00e1, D.C. en donde William con su novia Alana desarrolla su obra, pero es perseguido por un agente del medio ambiente (Clavijo) que lleva al protagonista a resolver las situaciones de forma inveros\u00edmil. La historia aborda esencialmente dos argumentos: el hist\u00f3rico y el ficcional enmarcados en la cotidianidad capitalina.<\/p>\n","protected":false},"featured_media":602,"template":"","meta":{"site-sidebar-layout":"default","site-content-layout":"default","ast-global-header-display":"","ast-main-header-display":"","ast-hfb-above-header-display":"","ast-hfb-below-header-display":"","ast-hfb-mobile-header-display":"","site-post-title":"","ast-breadcrumbs-content":"","ast-featured-img":"","footer-sml-layout":"","theme-transparent-header-meta":"default","adv-header-id-meta":"","stick-header-meta":"","header-above-stick-meta":"","header-main-stick-meta":"","header-below-stick-meta":"","_joinchat":[]},"product_cat":[22,23],"product_tag":[],"class_list":{"0":"post-652","1":"product","2":"type-product","3":"status-publish","4":"has-post-thumbnail","6":"product_cat-comic","7":"product_cat-novela-grafica","8":"desktop-align-left","9":"tablet-align-left","10":"mobile-align-left","12":"first","13":"instock","14":"shipping-taxable","15":"purchasable","16":"product-type-simple"},"yoast_head":"<!-- This site is optimized with the Yoast SEO plugin v19.14 - https:\/\/yoast.com\/wordpress\/plugins\/seo\/ -->\n<title>Grafiti - Novela gr\u00e1fica<\/title>\n<meta name=\"robots\" content=\"index, follow, max-snippet:-1, max-image-preview:large, max-video-preview:-1\" \/>\n<link rel=\"canonical\" href=\"https:\/\/novelagrafica.co\/?product=grafiti\" \/>\n<meta property=\"og:locale\" content=\"es_ES\" \/>\n<meta property=\"og:type\" content=\"article\" \/>\n<meta property=\"og:title\" content=\"Grafiti - Novela gr\u00e1fica\" \/>\n<meta property=\"og:description\" content=\"Es una novela gr\u00e1fica que narra la vida de un j\u00f3ven universitario grafitero (William) que busca plasmar en sitios p\u00fablicos su manera de ver el mundo. La historia ocurre en algunos lugares del Centro Hist\u00f3rico de Bogot\u00e1, D.C. en donde William con su novia Alana desarrolla su obra, pero es perseguido por un agente del medio ambiente (Clavijo) que lleva al protagonista a resolver las situaciones de forma inveros\u00edmil. La historia aborda esencialmente dos argumentos: el hist\u00f3rico y el ficcional enmarcados en la cotidianidad capitalina.\" \/>\n<meta property=\"og:url\" content=\"https:\/\/novelagrafica.co\/?product=grafiti\" \/>\n<meta property=\"og:site_name\" content=\"Novela gr\u00e1fica\" \/>\n<meta property=\"article:publisher\" content=\"https:\/\/www.facebook.com\/itrographic\/\" \/>\n<meta property=\"article:modified_time\" content=\"2022-05-20T20:13:15+00:00\" \/>\n<meta property=\"og:image\" content=\"https:\/\/novelagrafica.co\/wp-content\/uploads\/2022\/05\/1_Portada_Novela_Grafica_Grafiti-e1652334227219.jpg\" \/>\n\t<meta property=\"og:image:width\" content=\"560\" \/>\n\t<meta property=\"og:image:height\" content=\"801\" \/>\n\t<meta property=\"og:image:type\" content=\"image\/jpeg\" \/>\n<meta name=\"twitter:card\" content=\"summary_large_image\" \/>\n<script type=\"application\/ld+json\" class=\"yoast-schema-graph\">{\"@context\":\"https:\/\/schema.org\",\"@graph\":[{\"@type\":\"WebPage\",\"@id\":\"https:\/\/novelagrafica.co\/?product=grafiti\",\"url\":\"https:\/\/novelagrafica.co\/?product=grafiti\",\"name\":\"Grafiti - Novela gr\u00e1fica\",\"isPartOf\":{\"@id\":\"https:\/\/novelagrafica.co\/#website\"},\"datePublished\":\"2022-05-12T04:49:16+00:00\",\"dateModified\":\"2022-05-20T20:13:15+00:00\",\"breadcrumb\":{\"@id\":\"https:\/\/novelagrafica.co\/?product=grafiti#breadcrumb\"},\"inLanguage\":\"es-CO\",\"potentialAction\":[{\"@type\":\"ReadAction\",\"target\":[\"https:\/\/novelagrafica.co\/?product=grafiti\"]}]},{\"@type\":\"BreadcrumbList\",\"@id\":\"https:\/\/novelagrafica.co\/?product=grafiti#breadcrumb\",\"itemListElement\":[{\"@type\":\"ListItem\",\"position\":1,\"name\":\"Inicio\",\"item\":\"https:\/\/novelagrafica.co\/\"},{\"@type\":\"ListItem\",\"position\":2,\"name\":\"Tienda\",\"item\":\"https:\/\/novelagrafica.co\/?page_id=592\"},{\"@type\":\"ListItem\",\"position\":3,\"name\":\"Grafiti\"}]},{\"@type\":\"WebSite\",\"@id\":\"https:\/\/novelagrafica.co\/#website\",\"url\":\"https:\/\/novelagrafica.co\/\",\"name\":\"Novela gr\u00e1fica\",\"description\":\"Novelas gr\u00e1ficas - Libros ilustrados\",\"publisher\":{\"@id\":\"https:\/\/novelagrafica.co\/#organization\"},\"potentialAction\":[{\"@type\":\"SearchAction\",\"target\":{\"@type\":\"EntryPoint\",\"urlTemplate\":\"https:\/\/novelagrafica.co\/?s={search_term_string}\"},\"query-input\":\"required name=search_term_string\"}],\"inLanguage\":\"es-CO\"},{\"@type\":\"Organization\",\"@id\":\"https:\/\/novelagrafica.co\/#organization\",\"name\":\"Novela gr\u00e1fica\",\"url\":\"https:\/\/novelagrafica.co\/\",\"logo\":{\"@type\":\"ImageObject\",\"inLanguage\":\"es-CO\",\"@id\":\"https:\/\/novelagrafica.co\/#\/schema\/logo\/image\/\",\"url\":\"https:\/\/novelagrafica.co\/wp-content\/uploads\/2022\/05\/Logo-Novela-2-e1652333114271.png\",\"contentUrl\":\"https:\/\/novelagrafica.co\/wp-content\/uploads\/2022\/05\/Logo-Novela-2-e1652333114271.png\",\"width\":100,\"height\":94,\"caption\":\"Novela gr\u00e1fica\"},\"image\":{\"@id\":\"https:\/\/novelagrafica.co\/#\/schema\/logo\/image\/\"},\"sameAs\":[\"https:\/\/www.instagram.com\/itro_graphic\/\",\"https:\/\/www.linkedin.com\/company\/itro-graphic\/\",\"https:\/\/www.facebook.com\/itrographic\/\"]}]}<\/script>\n<!-- \/ Yoast SEO plugin. -->","yoast_head_json":{"title":"Grafiti - Novela gr\u00e1fica","robots":{"index":"index","follow":"follow","max-snippet":"max-snippet:-1","max-image-preview":"max-image-preview:large","max-video-preview":"max-video-preview:-1"},"canonical":"https:\/\/novelagrafica.co\/?product=grafiti","og_locale":"es_ES","og_type":"article","og_title":"Grafiti - Novela gr\u00e1fica","og_description":"Es una novela gr\u00e1fica que narra la vida de un j\u00f3ven universitario grafitero (William) que busca plasmar en sitios p\u00fablicos su manera de ver el mundo. La historia ocurre en algunos lugares del Centro Hist\u00f3rico de Bogot\u00e1, D.C. en donde William con su novia Alana desarrolla su obra, pero es perseguido por un agente del medio ambiente (Clavijo) que lleva al protagonista a resolver las situaciones de forma inveros\u00edmil. La historia aborda esencialmente dos argumentos: el hist\u00f3rico y el ficcional enmarcados en la cotidianidad capitalina.","og_url":"https:\/\/novelagrafica.co\/?product=grafiti","og_site_name":"Novela gr\u00e1fica","article_publisher":"https:\/\/www.facebook.com\/itrographic\/","article_modified_time":"2022-05-20T20:13:15+00:00","og_image":[{"width":560,"height":801,"url":"https:\/\/novelagrafica.co\/wp-content\/uploads\/2022\/05\/1_Portada_Novela_Grafica_Grafiti-e1652334227219.jpg","type":"image\/jpeg"}],"twitter_card":"summary_large_image","schema":{"@context":"https:\/\/schema.org","@graph":[{"@type":"WebPage","@id":"https:\/\/novelagrafica.co\/?product=grafiti","url":"https:\/\/novelagrafica.co\/?product=grafiti","name":"Grafiti - Novela gr\u00e1fica","isPartOf":{"@id":"https:\/\/novelagrafica.co\/#website"},"datePublished":"2022-05-12T04:49:16+00:00","dateModified":"2022-05-20T20:13:15+00:00","breadcrumb":{"@id":"https:\/\/novelagrafica.co\/?product=grafiti#breadcrumb"},"inLanguage":"es-CO","potentialAction":[{"@type":"ReadAction","target":["https:\/\/novelagrafica.co\/?product=grafiti"]}]},{"@type":"BreadcrumbList","@id":"https:\/\/novelagrafica.co\/?product=grafiti#breadcrumb","itemListElement":[{"@type":"ListItem","position":1,"name":"Inicio","item":"https:\/\/novelagrafica.co\/"},{"@type":"ListItem","position":2,"name":"Tienda","item":"https:\/\/novelagrafica.co\/?page_id=592"},{"@type":"ListItem","position":3,"name":"Grafiti"}]},{"@type":"WebSite","@id":"https:\/\/novelagrafica.co\/#website","url":"https:\/\/novelagrafica.co\/","name":"Novela gr\u00e1fica","description":"Novelas gr\u00e1ficas - Libros ilustrados","publisher":{"@id":"https:\/\/novelagrafica.co\/#organization"},"potentialAction":[{"@type":"SearchAction","target":{"@type":"EntryPoint","urlTemplate":"https:\/\/novelagrafica.co\/?s={search_term_string}"},"query-input":"required name=search_term_string"}],"inLanguage":"es-CO"},{"@type":"Organization","@id":"https:\/\/novelagrafica.co\/#organization","name":"Novela gr\u00e1fica","url":"https:\/\/novelagrafica.co\/","logo":{"@type":"ImageObject","inLanguage":"es-CO","@id":"https:\/\/novelagrafica.co\/#\/schema\/logo\/image\/","url":"https:\/\/novelagrafica.co\/wp-content\/uploads\/2022\/05\/Logo-Novela-2-e1652333114271.png","contentUrl":"https:\/\/novelagrafica.co\/wp-content\/uploads\/2022\/05\/Logo-Novela-2-e1652333114271.png","width":100,"height":94,"caption":"Novela gr\u00e1fica"},"image":{"@id":"https:\/\/novelagrafica.co\/#\/schema\/logo\/image\/"},"sameAs":["https:\/\/www.instagram.com\/itro_graphic\/","https:\/\/www.linkedin.com\/company\/itro-graphic\/","https:\/\/www.facebook.com\/itrographic\/"]}]}},"_links":{"self":[{"href":"https:\/\/novelagrafica.co\/index.php?rest_route=\/wp\/v2\/product\/652","targetHints":{"allow":["GET"]}}],"collection":[{"href":"https:\/\/novelagrafica.co\/index.php?rest_route=\/wp\/v2\/product"}],"about":[{"href":"https:\/\/novelagrafica.co\/index.php?rest_route=\/wp\/v2\/types\/product"}],"wp:featuredmedia":[{"embeddable":true,"href":"https:\/\/novelagrafica.co\/index.php?rest_route=\/wp\/v2\/media\/602"}],"wp:attachment":[{"href":"https:\/\/novelagrafica.co\/index.php?rest_route=%2Fwp%2Fv2%2Fmedia&parent=652"}],"wp:term":[{"taxonomy":"product_cat","embeddable":true,"href":"https:\/\/novelagrafica.co\/index.php?rest_route=%2Fwp%2Fv2%2Fproduct_cat&post=652"},{"taxonomy":"product_tag","embeddable":true,"href":"https:\/\/novelagrafica.co\/index.php?rest_route=%2Fwp%2Fv2%2Fproduct_tag&post=652"}],"curies":[{"name":"wp","href":"https:\/\/api.w.org\/{rel}","templated":true}]}}